8802 a multiple of 11?
True
Is 3354 a factor of 5435881?
False
Is 12147143 a multiple of 5?
False
Does 792 divide 70489695?
False
Is 33406670 a multiple of 913?
True
Is 17591343 a multiple of 383?
False
Is 9 a factor of 1322242194?
False
Does 186 divide 1679449373?
False
Is 13 a factor of 62923549?
True
Is 8210893 a multiple of 43?
True
Is 8916688 a multiple of 319?
True
Does 230 divide 794658843?
False
Is 17 a factor of 3072294041?
False
Is 517 a factor of 3478973135?
True
Is 395 a factor of 203070685?
True
Does 199 divide 198382105?
True
Is 24 a factor of 597441120?
True
Is 90 a factor of 2139660?
True
Is 1662 a factor of 133716210?
True
Is 155606558 a multiple of 561?
False
Does 111 divide 216817925?
False
Does 9 divide 67315583?
False
Does 30 divide 6987556?
False
Does 1087 divide 401379098?
True
Is 373938967 a multiple of 832?
False
Is 2842365199 a multiple of 2087?
False
Is 7338294 a multiple of 258?
True
Does 209 divide 150494676?
False
Is 13028880 a multiple of 15?
True
Is 15 a factor of 1785115805?
False
Does 22 divide 1001619729?
False
Does 694 divide 3235428?
True
Does 1991 divide 2426882048?
False
Does 268 divide 4100132?
True
Does 25 divide 221818525?
True
Is 5913435 a multiple of 266?
False
Does 7 divide 600978189?
True
Is 328 a factor of 525952410?
False
Is 182 a factor of 6101004?
True
Is 149 a factor of 14965560?
True
Is 168 a factor of 23680608?
True
Is 16 a factor of 469849152?
True
Does 45 divide 29013525?
True
Is 5579 a factor of 1118207654?
False
Is 6 a factor of 366188575?
False
Does 6 divide 159313958?
False
Is 1377 a factor of 3126211770?
False
Is 50 a factor of 4521800?
True
Does 21 divide 314912619?
True
Does 17 divide 287255870?
False
Does 423 divide 1087922160?
True
Is 53315018 a multiple of 326?
True
Is 249397920 a multiple of 30?
True
Does 6 divide 2602060?
False
Is 222056146 a multiple of 26?
True
Is 558600973 a multiple of 371?
True
Does 534 divide 2196731686?
False
Is 7029 a factor of 733398831?
True
Does 207 divide 8637328?
False
Does 3127 divide 82221338?
True
Is 93647280 a multiple of 820?
True
Is 69886320 a multiple of 102?
True
Is 430757623 a multiple of 15?
False
Is 208 a factor of 604710?
False
Does 141 divide 737641500?
True
Does 183 divide 3975849216?
True
Is 136882890 a multiple of 267?
True
Does 12 divide 87519636?
True
Is 189219660 a multiple of 372?
True
Is 148 a factor of 20504714?
False
Does 689 divide 3707960?
False
Is 712 a factor of 17436168?
True
Is 4619 a factor of 36993571?
True
Is 33 a factor of 82597317?
True
Is 3696 a factor of 424053168?
True
Does 1181 divide 31033666?
False
Does 2 divide 21648288?
True
Is 266 a factor of 8033581616?
False
Is 134862342 a multiple of 496?
False
Does 806 divide 62704075?
False
Does 1533 divide 181810892?
False
Is 26327004 a multiple of 132?
True
Is 109 a factor of 391084647?
False
Does 82 divide 244920470?
True
Is 6 a factor of 10642782?
True
Does 5115 divide 394008450?
True
Is 1453 a factor of 808863305?
True
Does 33 divide 11419278?
False
Is 491616 a multiple of 288?
True
Is 177482259 a multiple of 36?
False
Is 6 a factor of 621512690?
False
Is 176287 a multiple of 6?
False
Does 238 divide 124008948?
True
Is 6886653 a multiple of 251?
False
Is 5 a factor of 190531175?
True
Is 6879515 a multiple of 8?
False
Is 13 a factor of 11616607?
False
Is 17 a factor of 18788811?
False
Is 14 a factor of 202087830?
True
Does 5 divide 82272940?
True
Does 58 divide 20775368?
True
Is 522 a factor of 126743414?
False
Is 3542 a factor of 153333180?
True
Does 141 divide 194977902?
True
Is 12 a factor of 426254832?
True
Is 333063570 a multiple of 1158?
False
Is 37409990 a multiple of 6?
False
Does 11 divide 48705151?
True
Is 9912032 a multiple of 16?
True
Is 15 a factor of 245906760?
True
Does 451 divide 30876813?
True
Does 24 divide 257680418?
False
Is 20 a factor of 137538024?
False
Is 737724241 a multiple of 37?
True
Is 19 a factor of 7146453?
False
Is 64005704 a multiple of 28?
True
Is 926 a factor of 872249208?
False
Does 2186 divide 20969608?
False
Does 60 divide 38222640?
True
Is 8 a factor of 70953136?
True
Is 720614254 a multiple of 3083?
True
Does 150 divide 81613023?
False
Does 28 divide 75648251?
False
Is 1951 a factor of 172013817?
True
Is 2505 a factor of 112168890?
True
Does 83 divide 509977398?
True
Is 31 a factor of 31180947?
True
Is 6 a factor of 18338002?
False
Does 1662 divide 181903530?
False
Does 24 divide 209566464?
True
Is 364 a factor of 35825244?
True
Is 122 a factor of 1452942408?
True
Is 367 a factor of 131148918?
True
Is 21509535 a multiple of 19?
False
Is 216591685 a multiple of 23?
False
Does 31 divide 5423274?
False
Is 253377558 a multiple of 21?
True
Does 56 divide 49649768?
True
Is 60715655 a multiple of 13?
True
Is 338313930 a multiple of 4645?
True
Is 12209676 a multiple of 84?
False
Is 38 a factor of 256964?
False
Is 45 a factor of 275029764?
False
Is 29502083 a multiple of 127?
False
Is 8473469 a multiple of 155?
False
Does 30 divide 2489460?
True
Is 25 a factor of 47602246?
False
Does 87 divide 200488934?
False
Does 2391 divide 87687891?
False
Is 23 a factor of 3131841?
True
Is 17381182 a multiple of 74?
False
Is 266 a factor of 29440028?
False
Is 1231 a factor of 309183461?
False
Is 73234368 a multiple of 972?
True
Is 255213750 a multiple of 6?
True
Is 10533689 a multiple of 7?
False
Is 7113229 a multiple of 2?
False
Does 23 divide 313734972?
False
Does 436 divide 12121140?
False
Does 112 divide 892238994?
False
Is 653676928 a multiple of 1564?
True
Does 8 divide 871144647?
False
Is 15 a factor of 638103030?
True
Is 28 a factor of 14273560?
True
Is 60 a factor of 66410081?
False
Is 64846150 a multiple of 86?
True
Does 3676 divide 1077108436?
True
Does 296 divide 101958249?
False
Does 52 divide 6169800?
True
Is 201 a factor of 117374151?
True
Does 2768 divide 845237601?
False
Is 13 a factor of 5793281?
True
Is 78 a factor of 230273160?
True
Is 2214079611 a multiple of 693?
False
Is 64 a factor of 960376602?
False
Is 14 a factor of 10248630?
True
Is 3012820 a multiple of 4?
True
Is 282 a factor of 340830840?
True
Is 8081606 even?
True
Is 349 a factor of 62371064?
False
Does 67 divide 36390387?
False
Does 17 divide 505666462?
True
Is 1409 a factor of 19306118?
True
Is 1710 a factor of 22189253?
False
Does 50 divide 155425377?
False
Is 46984288 a multiple of 848?
True
Is 786 a factor of 19839426?
True
Is 21 a factor of 47919729?
False
Is 898144731 a multiple of 561?
True
Is 5 a factor of 31898103?
False
Is 95159520 a multiple of 288?
True
Is 146 a factor of 86965723?
False
Is 2 a factor of 18367542?
True
Does 837 divide 698240324?
False
Does 156 divide 151372643?
False
Is 1022 a factor of 25742136?
True
Is 2534179 a multiple of 3?
False
Is 70 a factor of 104001838?
False
Does 21 divide 99369942?
True
Does 98 divide 1043504?
True
Is 34209127 a multiple of 227?
True
Is 409 a factor of 15200894?
True
Is 4087681911 a multiple of 928?
False
Does 78 divide 168452076?
True
Is 1741 a factor of 4076102322?
True
Is 60662157 a multiple of 13?
False
Does 476 divide 196016082?
False
Is 3139242966 a multiple of 3394?
True
Is 30 a factor of 19477860?
True
Is 81 a factor of 119973150?
True
Is 4 a factor of 97004312?
True
Is 3131 a factor of 61120251?
True
Does 40 divide 466416321?
False
Is 830742 a multiple of 11?
True
Does 110 divide 25708650?
True
Does 866 divide 7710212?
False
Is 229324731 a multiple of 22?
False
Is 1927494264 a multiple of 535?
False
Is 629449575 a multiple of 25?
True
Does 69 divide 105974409?
True
Is 6328917015 a multiple of 23?
True
Is 119485985 a multiple of 235?
True
Does 1441 divide 94214287?
False
Is 234178322 a multiple of 38?
False
Does 272 divide 17167008?
True
Is 4033 a factor of 264080840?
True
Is 403 a factor of 90122750?
False
Is 305 a factor of 11408057?
False
Is 293730858 a multiple of 7578?
True
Is 1043 a factor of 3932110?
True
Does 1975 divide 4197142848?
False
Is 1599540268 a multiple of 3482?
True
Is 352 a factor of 3120309?
False
Is 46 a factor of 14425349?
False
Is 121872184 a multiple of 26?
False
Does 845 divide 119011855?
False
Is 13907123 a multiple of 1462?
False
Does 1928 divide 1334678550?
False
Is 3013964 a multiple of 62?
False
Does 782 divide 8888994?
True
Does 542 divide 57375578?
True
Is 3 a f